779519 composite?
True
Is 193556119 a prime number?
True
Is 31454529 composite?
True
Is 2005787 composite?
True
Is 1250227 a composite number?
True
Is 3804301 a prime number?
True
Is 3151319 prime?
True
Is 65131433 prime?
False
Is 960613 prime?
False
Is 5538359 prime?
True
Is 80877241 a prime number?
False
Is 366259 prime?
True
Is 429434573 prime?
True
Is 2547291 a composite number?
True
Is 6842161 a prime number?
False
Is 3212471 a composite number?
False
Is 81332651 a prime number?
False
Is 8077207 a composite number?
False
Is 411751801 prime?
True
Is 2697743 composite?
False
Is 24741077 a prime number?
False
Is 36663527 prime?
True
Is 5311247 a prime number?
True
Is 1649981 a composite number?
False
Is 73410839 a prime number?
False
Is 3403193 prime?
True
Is 5359961 a prime number?
True
Is 99011921 composite?
False
Is 29268647 prime?
True
Is 6247 composite?
False
Is 2545537 a composite number?
True
Is 257868989 a composite number?
True
Is 112909 a composite number?
False
Is 503938439 composite?
True
Is 131987249 a composite number?
True
Is 9270213 composite?
True
Is 487243 composite?
True
Is 268033 a prime number?
False
Is 102507547 composite?
True
Is 11290569 a prime number?
False
Is 696929 a prime number?
True
Is 7692001 prime?
True
Is 112572743 a composite number?
True
Is 395652329 composite?
False
Is 460024921 composite?
True
Is 249138083 a composite number?
False
Is 6041149 composite?
True
Is 1604501 composite?
False
Is 1360823 prime?
False
Is 225566531 a prime number?
True
Is 35786935 composite?
True
Is 18532997 composite?
True
Is 618408377 a prime number?
False
Is 4040833 a composite number?
False
Is 1507439 a composite number?
False
Is 3872782 a composite number?
True
Is 690253 prime?
False
Is 3117889 a composite number?
False
Is 634327 a composite number?
False
Is 131811443 a prime number?
True
Is 38976779 prime?
True
Is 109023997 a composite number?
True
Is 7780019 composite?
True
Is 7468811 composite?
True
Is 6197883 composite?
True
Is 5241487 a composite number?
True
Is 292676073 a prime number?
False
Is 400409 a prime number?
True
Is 16724699 a composite number?
False
Is 64701167 prime?
False
Is 17744587 a composite number?
True
Is 7964623 composite?
False
Is 9979681 prime?
True
Is 22745927 a composite number?
False
Is 37601449 composite?
True
Is 208641049 a prime number?
True
Is 118315 composite?
True
Is 294998547 prime?
False
Is 9593447 prime?
True
Is 107113709 a composite number?
False
Is 2428217 composite?
True
Is 29610929 a composite number?
True
Is 53366663 prime?
False
Is 1882753 a prime number?
False
Is 63147683 prime?
True
Is 408350279 composite?
False
Is 3777509 composite?
False
Is 31584679 prime?
False
Is 9052103 a composite number?
True
Is 58577261 a composite number?
False
Is 472751 a prime number?
True
Is 2403229 composite?
False
Is 914689 a prime number?
False
Is 30161231 prime?
True
Is 3315166 composite?
True
Is 9400189 a prime number?
True
Is 17110889 composite?
True
Is 100349969 composite?
False
Is 83921 prime?
True
Is 433019 composite?
True
Is 6108653 a composite number?
False
Is 24922738 a prime number?
False
Is 87284179 composite?
True
Is 8844659 prime?
True
Is 101526605 a prime number?
False
Is 1701079 prime?
True
Is 83338783 a prime number?
False
Is 22766963 a prime number?
True
Is 24674591 prime?
False
Is 51485542 composite?
True
Is 26581861 prime?
False
Is 1378943 a prime number?
True
Is 16765159 a prime number?
False
Is 3269789 composite?
False
Is 1526477 a prime number?
False
Is 98287733 composite?
False
Is 2904103 a prime number?
True
Is 504247 composite?
False
Is 2366867 a composite number?
False
Is 111149 a composite number?
False
Is 12078563 composite?
True
Is 6305953 a composite number?
True
Is 159762817 composite?
True
Is 177959237 a prime number?
False
Is 80429962 a prime number?
False
Is 2985971 composite?
False
Is 116423729 prime?
False
Is 96319753 composite?
True
Is 30106759 a prime number?
True
Is 42803921 a prime number?
True
Is 3795937 composite?
False
Is 59303141 a prime number?
True
Is 27922813 a prime number?
True
Is 1926517 a prime number?
False
Is 21926699 prime?
True
Is 1949117 a composite number?
False
Is 55532017 a prime number?
True
Is 127221053 composite?
True
Is 141321493 prime?
False
Is 328126353 composite?
True
Is 298817951 prime?
False
Is 519242 prime?
False
Is 5383151 prime?
True
Is 2288305 composite?
True
Is 40403369 prime?
True
Is 12878849 prime?
False
Is 982027 prime?
False
Is 1602241 composite?
False
Is 5915729 composite?
True
Is 2076133 prime?
True
Is 4357181 prime?
False
Is 844527 composite?
True
Is 144961303 prime?
True
Is 43370717 prime?
False
Is 4844797 a composite number?
False
Is 236909191 prime?
True
Is 9628361 a prime number?
True
Is 74783591 a prime number?
False
Is 15256799 a prime number?
True
Is 933463 a composite number?
False
Is 5160563 prime?
True
Is 10683149 a prime number?
False
Is 86231279 composite?
True
Is 134418353 a composite number?
False
Is 958459 a composite number?
False
Is 52309151 composite?
False
Is 42343033 prime?
True
Is 944641 composite?
True
Is 43312231 composite?
False
Is 29470906 a composite number?
True
Is 2741627 prime?
False
Is 6472703 a composite number?
True
Is 1776829 composite?
True
Is 42650227 prime?
True
Is 446340157 prime?
False
Is 47017569 a composite number?
True
Is 267016957 a composite number?
False
Is 92108441 a prime number?
True
Is 9022361 a prime number?
True
Is 36180343 a composite number?
False
Is 59305867 a prime number?
True
Is 4904531 a prime number?
True
Is 777167 a prime number?
True
Is 1363771 a prime number?
True
Is 20692127 composite?
False
Is 227237887 composite?
False
Is 5379727 a prime number?
True
Is 14645363 prime?
True
Is 162635849 a composite number?
False
Is 117837683 composite?
False
Is 52813903 composite?
False
Is 17145389 a prime number?
False
Is 2553017 a composite number?
False
Is 45537881 a composite number?
False
Is 73182691 a prime number?
False
Is 11266681 composite?
False
Is 38173061 prime?
True
Is 286261 a composite number?
True
Is 2289571 composite?
False
Is 315575549 a composite number?
False
Is 1094237 a composite number?
False
Is 89469547 a composite number?
True
Is 40587299 a prime number?
True
Is 1832851 a prime number?
True
Is 7684349 a composite number?
True
Is 6399385 a prime number?
False
Is 38746159 prime?
True
Is 14663366 composite?
True
Is 159757393 prime?
True
Is 4495289 a composite number?
False
Is 4280873 composite?
False
Is 5077151 prime?
True
Is 6472667 a composite number?
True
Is 38484233 composite?
True
Is 160566641 a prime number?
False
Is 43872131 a prime number?
True
Is 16888297 prime?
True
Is 566912251 a prime number?
True
Is 74310371 a prime number?
False
Is 221423393 composite?
False
Is 14480439 a composite number?
True
Is 452445491 a composite number?
False
Is 30510079 a prime number?
True
Is 660589 composite?
False
Is 1341409 prime?
True
Is 24506855 a composite number?
True
Is 2699551 a prime number?
False
Is 8392897 a prime number?
True
Is 2111251 composite?
False
Is 24374949 prime?
False
Is 282033529 a composite number?
True
Is 5971258 a prime number?
False
Is 16072673 a composite number?
False
Is 20596963 prime?
True
Is 98926613 a prime number?
False
Is 461078 a prime number?
False
Is 263609 composite?
False
Is 687623 a composite number?
False
Is 510817 a composite number?
False
Is 5834161 a prime number?
False
Is 636518 composite?
True
Is 367853903 composite?
False
Is 10587013 a prime number?
False
Is 2746813 prime?
True
Is 5003191 a composite number?
False
Is 114912379 composite?
True
Is 1320667 composite?
False
Is 33704267 a prime number?
False
Is 453265471 prime?
False
Is 6313379 composite?
False
Is 38600261 a prime number?
False
Is 585656135 a composite number?
True
Is 806381053 prime?
True
Is 115887119 prime?
False
Is 117510577 a composite number?
False
Is 278116963 composite?
False
Is 7831789 composite?
True
Is 129146737 composite?
True
Is 2563963 a prime number?
False
Is 28229753 a composite number?
True
Is 5712757 a prime number?
True
Is 39377647 prime?
True
Is 64694309 prime?
True
Is 1175711 prime?
True
Is 145545223 a composite number?
True
Is 610243 composite?
False
Is 34085405 a prime number?
False
Is 15477193 prime?
True
Is 160967 prime?
Tr